
5, 1277
What are the prime factors of 10584?
2, 3, 7
List the prime factors of 3206.
2, 7, 229
List the prime factors of 2899.
13, 223
List the prime factors of 29976.
2, 3, 1249
List the prime factors of 1138.
2, 569
What are the prime factors of 742?
2, 7, 53
List the prime factors of 16.
2
List the prime factors of 72585.
3, 5, 1613
What are the prime factors of 395?
5, 79
List the prime factors of 9576.
2, 3, 7, 19
What are the prime factors of 20555?
5, 4111
List the prime factors of 904.
2, 113
What are the prime factors of 579?
3, 193
List the prime factors of 1726.
2, 863
List the prime factors of 7650.
2, 3, 5, 17
List the prime factors of 10638.
2, 3, 197
List the prime factors of 855.
3, 5, 19
List the prime factors of 6257.
6257
List the prime factors of 13372.
2, 3343
List the prime factors of 103670.
2, 5, 7, 1481
List the prime factors of 790.
2, 5, 79
List the prime factors of 1221.
3, 11, 37
List the prime factors of 3052.
2, 7, 109
What are the prime factors of 15?
3, 5
List the prime factors of 530.
2, 5, 53
List the prime factors of 69013.
7, 9859
List the prime factors of 6956.
2, 37, 47
What are the prime factors of 7651?
7, 1093
List the prime factors of 25776.
2, 3, 179
List the prime factors of 42331.
42331
List the prime factors of 5859.
3, 7, 31
List the prime factors of 1990.
2, 5, 199
List the prime factors of 1282.
2, 641
What are the prime factors of 379?
379
List the prime factors of 48.
2, 3
What are the prime factors of 1105?
5, 13, 17
List the prime factors of 18084.
2, 3, 11, 137
What are the prime factors of 601?
601
List the prime factors of 3751.
11, 31
List the prime factors of 11210.
2, 5, 19, 59
What are the prime factors of 4292?
2, 29, 37
What are the prime factors of 7812?
2, 3, 7, 31
What are the prime factors of 1540?
2, 5, 7, 11
What are the prime factors of 716?
2, 179
What are the prime factors of 12297?
3, 4099
What are the prime factors of 71806?
2, 7, 23, 223
List the prime factors of 40963.
13, 23, 137
List the prime factors of 909.
3, 101
List the prime factors of 2060.
2, 5, 103
What are the prime factors of 62520?
2, 3, 5, 521
List the prime factors of 790.
2, 5, 79
What are the prime factors of 537?
3, 179
What are the prime factors of 32226?
2, 3, 41, 131
What are the prime factors of 157929?
3, 61, 863
List the prime factors of 514.
2, 257
List the prime factors of 207.
3, 23
List the prime factors of 3162.
2, 3, 17, 31
List the prime factors of 2108.
2, 17, 31
List the prime factors of 16568.
2, 19, 109
List the prime factors of 6279.
3, 7, 13, 23
What are the prime factors of 2779?
7, 397
List the prime factors of 5363.
31, 173
What are the prime factors of 8068?
2, 2017
List the prime factors of 19002.
2, 3, 3167
List the prime factors of 381.
3, 127
What are the prime factors of 5518?
2, 31, 89
What are the prime factors of 7131?
3, 2377
List the prime factors of 27992.
2, 3499
What are the prime factors of 2659?
2659
List the prime factors of 122447.
13, 9419
List the prime factors of 53737.
17, 29, 109
What are the prime factors of 1236?
2, 3, 103
What are the prime factors of 1597?
1597
What are the prime factors of 14254?
2, 7127
List the prime factors of 11854.
2, 5927
List the prime factors of 663.
3, 13, 17
What are the prime factors of 87485?
5, 17497
What are the prime factors of 8943?
3, 11, 271
What are the prime factors of 63129?
3, 11, 1913
List the prime factors of 449.
449
What are the prime factors of 103111?
97, 1063
What are the prime factors of 7791?
3, 7, 53
List the prime factors of 1018.
2, 509
What are the prime factors of 4226?
2, 2113
List the prime factors of 165780.
2, 3, 5, 307
List the prime factors of 5887.
7, 29
List the prime factors of 637.
7, 13
List the prime factors of 4816.
2, 7, 43
What are the prime factors of 201057?
3, 29, 2311
What are the prime factors of 566?
2, 283
List the prime factors of 10694.
2, 5347
What are the prime factors of 720?
2, 3, 5
List the prime factors of 16893.
3, 1877
What are the prime factors of 3032?
2, 379
What are the prime factors of 1898?
2, 13, 73
What are the prime factors of 13825?
5, 7, 79
What are the prime factors of 722?
2, 19
What are the prime factors of 973?
7, 139
What are the prime factors of 60982?
2, 30491
List the prime factors of 23668.
2, 61, 97
What are the prime factors of 476?
2, 7, 17
What are the prime factors of 1156?
2, 17
List the prime factors of 1732.
2, 433
List the prime factors of 826.
2, 7, 59
List the prime factors of 13858.
2, 13, 41
What are the prime factors of 8?
2
List the prime factors of 3398.
2, 1699
What are the prime factors of 8040?
2, 3, 5, 67
What are the prime factors of 60884?
2, 31, 491
What are the prime factors of 99094?
2, 49547
List the prime factors of 69314.
2, 7, 4951
What are the prime factors of 24584?
2, 7, 439
List the prime factors of 2761.
11, 251
List the prime factors of 24090.
2, 3, 5, 11, 73
List the prime factors of 10207.
59, 173
What are the prime factors of 6310?
2, 5, 631
List the prime factors of 3549.
3, 7, 13
List the prime factors of 118135.
5, 23627
List the prime factors of 4348.
2, 1087
List the prime factors of 2893.
11, 263
What are the prime factors of 23657?
41, 577
List the prime factors of 2020.
2, 5, 101
What are the prime factors of 36213?
3, 12071
What are the prime factors of 3429?
3, 127
List the prime factors of 1262.
2, 631
What are the prime factors of 688?
2, 43
What are the prime factors of 15390?
2, 3, 5, 19
List the prime factors of 2589.
3, 863
List the prime factors of 928.
2, 29
List the prime factors of 4398.
2, 3, 733
List the prime factors of 1249.
1249
What are the prime factors of 24449?
23, 1063
What are the prime factors of 817?
19, 43
What are the prime factors of 87185?
5, 7, 47, 53
List the prime factors of 447.
3, 149
What are the prime factors of 27606?
2, 3, 43, 107
List the prime factors of 95650.
2, 5, 1913
List the prime factors of 774.
2, 3, 43
List the prime factors of 27889.
167
List the prime factors of 903.
3, 7, 43
What are the prime factors of 61?
61
List the prime factors of 29209.
29209
List the prime factors of 9691.
11, 881
List the prime factors of 1429.
1429
What are the prime factors of 64395?
3, 5, 53
List the prime factors of 2819.
2819
What are the prime factors of 50183?
7, 67, 107
What are the prime factors of 6676?
2, 1669
List the prime factors of 2571.
3, 857
What are the prime factors of 85968?
2, 3, 199
What are the prime factors of 45474?
2, 3, 11, 13, 53
List the prime factors of 64.
2
List the prime factors of 1382.
2, 691
What are the prime factors of 81172?
2, 7, 13, 223
List the prime factors of 839.
839
List the prime factors of 2406.
2, 3, 401
What are the prime factors of 899?
29, 31
What are the prime factors of 11042?
2, 5521
What are the prime factors of 2776?
2, 347
List the prime factors of 1118.
2, 13, 43
What are the prime factors of 8752?
2, 547
What are the prime factors of 1017?
3, 113
List the prime factors of 22253.
7, 11, 17
What are the prime factors of 512?
2
List the prime factors of 16427.
16427
List the prime factors of 345.
3, 5, 23
List the prime factors of 2291.
29, 79
What are the prime factors of 1559?
1559
List the prime factors of 12208.
2, 7, 109
List the prime factors of 3526.
2, 41, 43
List the prime factors of 10464.
2, 3, 109
List the prime factors of 3062.
2, 1531
What are the prime factors of 61816?
2, 7727
List the prime factors of 37656.
2, 3, 523
What are the prime factors of 3676?
2, 919
What are the prime factors of 1584?
2, 3, 11
What are the prime factors of 1846?
2, 13, 71
List the prime factors of 2154.
2, 3, 359
List the prime factors of 6521.
6521
What are the prime factors of 84340?
2, 5, 4217
List the prime factors of 1639.
11, 149
List the prime factors of 734.
2, 367
What are the prime factors of 266?
2, 7, 19
What are the prime factors of 2283?
3, 761
What are the prime factors of 1237?
1237
What are the prime factors of 92328?
2, 3, 3847
What are the prime factors of 2437?
2437
List the prime factors of 1105.
5, 13, 17
What are the prime factors of 31345?
5, 6269
What are the prime factors of 37263?
3, 12421
List the prime factors of 27734.
2, 7, 283
What are the prime factors of 1117?
1117
What are the prime fa